 factors of 12565.
5, 7, 359
What are the prime factors of 1289694?
2, 3, 7, 30707
List the prime factors of 5334284.
2, 1333571
List the prime factors of 469544.
2, 58693
What are the prime factors of 193216?
2, 3019
What are the prime factors of 1035731?
463, 2237
What are the prime factors of 4749168?
2, 3, 163, 607
List the prime factors of 63947.
13, 4919
What are the prime factors of 3932257?
7, 31, 18121
What are the prime factors of 5237285?
5, 733, 1429
What are the prime factors of 3602?
2, 1801
What are the prime factors of 544403?
544403
What are the prime factors of 186958?
2, 93479
What are the prime factors of 417871?
103, 4057
What are the prime factors of 1305892?
2, 7, 46639
List the prime factors of 3069304.
2, 7, 23, 2383
List the prime factors of 397681.
17, 149, 157
List the prime factors of 25407442.
2, 883, 14387
What are the prime factors of 360398?
2, 79, 2281
List the prime factors of 12891488.
2, 402859
What are the prime factors of 33454503?
3, 103, 151, 239
What are the prime factors of 551491?
41, 13451
What are the prime factors of 1669977?
3, 53, 389
List the prime factors of 1355007.
3, 451669
List the prime factors of 21962577.
3, 7, 13, 80449
What are the prime factors of 8320970?
2, 5, 7, 29, 4099
What are the prime factors of 30141135?
3, 5, 131, 5113
What are the prime factors of 27403496?
2, 1511, 2267
List the prime factors of 99907.
99907
What are the prime factors of 13203?
3, 163
List the prime factors of 453743.
193, 2351
List the prime factors of 273990.
2, 3, 5, 9133
List the prime factors of 153718.
2, 151, 509
What are the prime factors of 2264043?
3, 17, 103, 431
What are the prime factors of 37476034?
2, 18738017
What are the prime factors of 62443?
41, 1523
What are the prime factors of 844396?
2, 7, 53, 569
What are the prime factors of 647693?
647693
What are the prime factors of 31321858?
2, 15660929
List the prime factors of 1736030.
2, 5, 19, 9137
List the prime factors of 4785827.
4785827
What are the prime factors of 383?
383
What are the prime factors of 5046?
2, 3, 29
What are the prime factors of 718833?
3, 239611
What are the prime factors of 18985?
5, 3797
What are the prime factors of 1264975?
5, 50599
List the prime factors of 8070985.
5, 13, 227, 547
List the prime factors of 33146984.
2, 13, 24517
What are the prime factors of 418960?
2, 5, 5237
What are the prime factors of 148195?
5, 107, 277
What are the prime factors of 4143310?
2, 5, 414331
What are the prime factors of 104208?
2, 3, 13, 167
What are the prime factors of 1386948?
2, 3, 41, 2819
What are the prime factors of 85476?
2, 3, 17, 419
What are the prime factors of 312454?
2, 156227
What are the prime factors of 798692?
2, 199673
What are the prime factors of 1350752?
2, 13, 17, 191
What are the prime factors of 2409598?
2, 71, 239
What are the prime factors of 323723?
127, 2549
List the prime factors of 3983274.
2, 3, 19, 613
List the prime factors of 786440.
2, 5, 19661
List the prime factors of 11406510.
2, 3, 5, 126739
What are the prime factors of 459131?
293, 1567
What are the prime factors of 906809?
906809
List the prime factors of 2492072.
2, 11, 28319
What are the prime factors of 437991?
3, 83, 1759
What are the prime factors of 4266290?
2, 5, 7, 59, 1033
What are the prime factors of 4496694?
2, 3, 749449
List the prime factors of 17653143.
3, 2027, 2903
List the prime factors of 2029998.
2, 3, 19, 17807
List the prime factors of 361208.
2, 163, 277
What are the prime factors of 3101582?
2, 11, 17, 8293
What are the prime factors of 446681?
421, 1061
List the prime factors of 700361.
700361
What are the prime factors of 143987?
137, 1051
What are the prime factors of 926477?
41, 59, 383
List the prime factors of 1911187.
29, 59, 1117
What are the prime factors of 1019183?
11, 8423
What are the prime factors of 9552422?
2, 11, 434201
What are the prime factors of 218330?
2, 5, 7, 3119
List the prime factors of 575186.
2, 29, 47, 211
What are the prime factors of 1798222?
2, 563, 1597
List the prime factors of 2547602.
2, 83, 103, 149
What are the prime factors of 1408611?
3, 617, 761
List the prime factors of 3699262.
2, 7, 19, 13907
What are the prime factors of 114532?
2, 11, 19, 137
List the prime factors of 33090.
2, 3, 5, 1103
What are the prime factors of 1314265?
5, 262853
List the prime factors of 43289.
73, 593
What are the prime factors of 332542?
2, 7, 23753
List the prime factors of 534860.
2, 5, 47, 569
List the prime factors of 765006.
2, 3, 11, 67, 173
List the prime factors of 766426.
2, 163, 2351
What are the prime factors of 9517256?
2, 7, 169951
What are the prime factors of 9431204?
2, 2357801
What are the prime factors of 1942672?
2, 23, 5279
What are the prime factors of 300090?
2, 3, 5, 7, 1429
What are the prime factors of 27416?
2, 23, 149
What are the prime factors of 885793?
885793
List the prime factors of 62339.
17, 19, 193
List the prime factors of 173680.
2, 5, 13, 167
What are the prime factors of 54850?
2, 5, 1097
What are the prime factors of 4229972?
2, 1057493
List the prime factors of 1770777.
3, 151, 1303
List the prime factors of 1033098.
2, 3, 11, 1423
List the prime factors of 7099909.
1933, 3673
List the prime factors of 188188.
2, 7, 11, 13, 47
What are the prime factors of 73245?
3, 5, 19, 257
List the prime factors of 1104121.
71, 15551
List the prime factors of 5954158.
2, 7, 425297
List the prime factors of 941849.
19, 2609
What are the prime factors of 406484?
2, 13, 7817
List the prime factors of 491827.
7, 17, 4133
List the prime factors of 577526.
2, 41, 7043
What are the prime factors of 45269?
7, 29, 223
List the prime factors of 28722.
2, 3, 4787
What are the prime factors of 2383814?
2, 929, 1283
List the prime factors of 191818.
2, 11, 8719
What are the prime factors of 1729437?
3, 19, 30341
What are the prime factors of 72121?
7, 10303
What are the prime factors of 177472?
2, 47, 59
List the prime factors of 5935633.
11, 23, 29, 809
What are the prime factors of 4672265?
5, 13, 71881
List the prime factors of 531410.
2, 5, 11, 4831
List the prime factors of 3268373.
3268373
What are the prime factors of 1422688?
2, 23, 1933
List the prime factors of 1361099.
1361099
What are the prime factors of 4897744?
2, 19, 16111
What are the prime factors of 694806?
2, 3, 7, 71, 233
List the prime factors of 12164019.
3, 7, 579239
List the prime factors of 457771.
229, 1999
What are the prime factors of 3066222?
2, 3, 17, 23, 1307
List the prime factors of 1572304.
2, 98269
List the prime factors of 313244.
2, 78311
What are the prime factors of 12445?
5, 19, 131
What are the prime factors of 129303?
3, 4789
List the prime factors of 5588776.
2, 37, 79, 239
List the prime factors of 803897.
803897
What are the prime factors of 7771549?
53, 331, 443
What are the prime factors of 867226?
2, 233, 1861
List the prime factors of 85325.
5, 3413
List the prime factors of 1244274.
2, 3, 29, 7151
What are the prime factors of 963968?
2, 17, 443
List the prime factors of 2240587.
31, 72277
What are the prime factors of 137342?
2, 43, 1597
List the prime factors of 696827.
696827
What are the prime factors of 1201755?
3, 5, 113, 709
List the prime factors of 1711847.
53, 32299
What are the prime factors of 23889200?
2, 5, 59723
What are the prime factors of 21408589?
21408589
What are the prime factors of 678620?
2, 5, 33931
List the prime factors of 18962691.
3, 11, 574627
List the prime factors of 369517.
59, 6263
What are the prime factors of 80613?
3, 13, 53
List the prime factors of 702604.
2, 7, 23, 1091
List the prime factors of 412907.
11, 37537
What are the prime factors of 179794?
2, 89897
List the prime factors of 2441630.
2, 5, 37, 6599
List the prime factors of 167541.
3, 11, 5077
List the prime factors of 89389.
71, 1259
List the prime factors of 191834.
2, 95917
What are the prime factors of 317529?
3, 35281
List the prime factors of 2368187.
2368187
What are the prime factors of 16371297?
3, 433, 4201
What are the prime factors of 9208777?
229, 40213
What are the prime factors of 61620?
2, 3, 5, 13, 79
List the prime factors of 92490.
2, 3, 5, 3083
List the prime factors of 1746083.
811, 2153
List the prime factors of 27061069.
7, 3865867
List the 